**3 + 11*a**2 + 119*a - 33. Is n(-10) a composite number?
True
Suppose 8736 = 4*o - 3*o. Suppose 0 = -27*z + 23*z - o. Let a = z - -4961. Is a a composite number?
False
Let c(o) = 8*o**3 - 6*o**2 + 3*o + 19. Let w be c(-6). Let u = 2950 + w. Is u a prime number?
False
Let i be 555/9 + 1/(3/1). Suppose 5*z = -5*m + 155, -4*m + z = -2*m - i. Suppose -33*n + m*n = -2798. Is n prime?
True
Suppose -4*v + 63337 = q + 3040, 4*q + 3*v - 241253 = 0. Is q a composite number?
False
Let b(s) = 186*s + 5. Let x(z) = z + 1. Let y(f) = b(f) - 6*x(f). Is y(12) composite?
True
Let m = 5939 + -5923. Let q be 0 + -18*86/(-4). Let g = m + q. Is g composite?
True
Let u = 9402 - -4766. Let i = u - 6757. Is i a prime number?
True
Let j be (-2)/(-7) + 33/7. Suppose 4*b + 5*m = 21, 2*m + 0 = 3*b - 10. Suppose j = -5*u, -2*g = -b*g + u + 1055. Is g a prime number?
False
Let o(v) = -18*v**3 - 2*v**2 - v + 3. Let c be o(1). Let w(g) = -g**3 - 18*g**2 - 23*g + 35. Is w(c) a composite number?
False
Suppose 0 = 4*b + 3*b - 35931. Is 20/(-4) + b/(-3 - -6) a composite number?
True
Suppose 7*l - 32 - 164 = 0. Let q = l - 26. Suppose q*d - 432 = 382. Is d composite?
True
Suppose 0*l = l + 2*w + 1837, 5*w - 1816 = l. Suppose 2*i + 30*v + 1428 = 34*v, -i = v + 714. Let o = i - l. Is o a composite number?
False
Suppose -62*k + 1066694 = -2267480. Is k a composite number?
False
Let c(l) = 5833*l - 42. Is c(55) composite?
True
Let t(g) = -g - 25. Let b be t(-25). Suppose -4*x = i + 3*i - 28, i + 3*x - 15 = b. Suppose -7*o - i*o = -5410. Is o a prime number?
True
Suppose 0 = -4*g - 0*g - 12, 0 = -3*f - 3*g - 1842. Let h = 1972 + f. Is h composite?
False
Suppose 3051 + 3669 = -40*z. Is ((-314958)/z)/(1/4) composite?
False
Let j = -45715 - -66933. Let l = -14209 + j. Is l a composite number?
True
Suppose -51 = -2*k - 21. Let s be (0 - 8)/4 + -1 + -22. Is s/(-10)*12/k + 2439 a composite number?
False
Suppose 4*i = 19908 + 41576. Is i a composite number?
True
Is ((-2323267)/296)/(2/(-16)) prime?
True
Is ((-225)/12 - (-40)/10)/((-6)/21048) a composite number?
True
Suppose -v - 6603 = -2*v - g, 2*v = 5*g + 13234. Is v composite?
False
Let v = -706 + 368. Let t be (10/5)/((-4)/(-1254)). Let n = v + t. Is n prime?
False
Let t = -77 - -91. Suppose 26818 = t*i - 20208. Is i a prime number?
True
Let h = -14739 - -20873. Is h composite?
True
Let a(c) = 17*c**2 + 19*c + 131. Is a(18) composite?
False
Let b(u) = 4*u**3 + 22*u**2 - 35*u - 13. Let w(o) = 2*o**3 + 11*o**2 - 18*o - 6. Let x(f) = 3*b(f) - 7*w(f). Is x(-12) prime?
False
Let x = 200 + -198. Suppose -x*i + 2*l = -482, -i - 6*l + l = -229. Is i a prime number?
True
Let c = -40 - -34. Let b be (c/12)/(3/(-72)). Is 4/(-1) + 420/b a composite number?
False
Suppose 5*z + 3*x - 12 = 2*z, 0 = 2*x. Suppose 11*q - 5*q = 6024. Suppose 0 = -5*h + 2*a + q, -398 = -z*h + 2*h + 2*a. Is h composite?
True
Suppose c + 5*w - 8 = -27, 3*c + 3 = 3*w. Let y be 42/((c/(-4))/1). Is (-97)/((6/9)/(y/(-9))) composite?
True
Let l = 4853 - -1324. Suppose 3*b - 17*i = -14*i + 18, 20 = 2*b + 2*i. Suppose 11*g - b*g - l = 0. Is g prime?
False
Suppose -26*p + 9*p + 85 = 0. Suppose 9*o - 5*o - 2*n = 12720, -5*o - p*n + 15915 = 0. Is o a composite number?
False
Let l = 1601 + -4213. Let j = l + 4791. Is j composite?
False
Let k = -385282 + 590449. Is k a prime number?
False
Let q(u) = 130*u + 21. Let n(b) = -388*b - 63. Let v(r) = -3*n(r) - 8*q(r). Let f(t) = t**3 + t**2 - t. Let d be f(2). Is v(d) composite?
True
Let x be 12/42 + ((-233952)/(-28))/2. Let p = 7035 - x. Is p prime?
True
Suppose 0 = -12*y + 18360 + 27576. Is (-4 + 14)/2 + y prime?
True
Let q(h) = -h + 12. Let r be q(7). Suppose -r = -3*l + y, 2*y + 15 - 5 = 0. Suppose 4*p - p - 5*x - 2367 = l, -4*x + 806 = p. Is p prime?
False
Let c(n) = -337*n**2 + 6*n + 57. Let s be ((-2)/(-2))/(2*(-4)/40). Let i(x) = 225*x**2 - 4*x - 38. Let p(z) = s*c(z) - 7*i(z). Is p(-3) composite?
False
Suppose 89*a - 150679 = 36*a. Suppose -3*b + 6*b + 4926 = 0. Let n = a + b. Is n composite?
False
Suppose -5*q = 4*d - 51299, 2*d + 2*q + 5744 = 31392. Is d prime?
True
Let t = -94651 - -225752. Is t a composite number?
False
Suppose 5*j - j = 5*q, -9 = -j - q. Suppose 2*n + k = 9, -27 = -j*n + 3*k - k. Suppose -n*l - h = -1900, -1133 = -3*l - 2*h - 0*h. Is l a prime number?
False
Let n(u) = -u**3 + 3*u**2 - 2. Let y be n(3). Let m = 3767 + -3763. Is -2082*(-6)/24 - y/m prime?
True
Let f = 49959 + -32056. Is f composite?
False
Suppose 1857192 = -29*i + 37*i. Is i a composite number?
True
Let k(w) = -82*w + 79. Let o be 2842/(-112) - 4/((-32)/3). Is k(o) a prime number?
True
Let f = 12337 + 356. Suppose 0 = j - r - 2538, 3*j + 2*j = 2*r + f. Is j composite?
False
Let c(d) = 1310*d**2 - 13*d + 13. Let i be ((-75)/6)/(-5)*(-44)/(-55). Is c(i) a composite number?
False
Suppose -13562 = 2*p - 72722. Suppose 0 = 10*g - 0*g - p. Let c = g - 805. Is c composite?
False
Let d(x) = -x**2 + x - 1. Let y(c) = c**2 - 10*c - 10763. Let b(p) = -2*d(p) - y(p). Is b(0) prime?
False
Suppose 9 = 4*k + 5, 0 = -d + k + 2. Suppose w = -5*i + 29760, -21*w - 17884 = -d*i - 16*w. Is i prime?
True
Let h(p) = p**3 - p**2 - p + 86. Let z be h(0). Suppose 84*v + 1796 = z*v. Is v a prime number?
False
Let v be 1 + 6420 + -4 + (12 - 3). Let m = -2179 + v. Is m composite?
True
Suppose -22*l + 6 = -21*l. Suppose -l*f + 15*f = -333. Is f*-1*(5 - -24) prime?
False
Let z be 110788/(-3) + 1 + 2/(-3). Let h = 51924 + z. Is h composite?
True
Let j(k) = 7*k + 150. Let x(i) = -22*i - 452. Let y(n) = -11*j(n) - 4*x(n). Is y(0) prime?
False
Let q = 31 - 31. Suppose q = p - 48 + 2. Suppose -p*a + 353 = -45*a. Is a a prime number?
True
Is -7 + (-152)/(-266) + 810134/7 composite?
False
Suppose -125862 + 167779 - 797887 = -30*y. Is y a composite number?
True
Let a(t) = -85*t + 23. Suppose -2*b - 13 = 5*i, 4*i - 2*b + 13 = -b. Let v be a(i). Suppose -61*f + v = -59*f. Is f a composite number?
False
Is (-30)/(-20)*-3*(-222724)/18 a prime number?
True
Suppose 5*s - 781 = 4*s. Suppose -3*q + s = -965. Suppose 3*l = -2*c + 873, -2*l + 4*c = 2*c - q. Is l composite?
True
Let s(z) = 859*z - 83. Let n(r) = -1717*r + 168. Let f(k) = 4*n(k) + 7*s(k). Is f(-4) composite?
False
Suppose 4*b = 3*b. Suppose 7*f - 8*f = b. Suppose f = l - 2*l + 787. Is l composite?
False
Suppose -2*k + 19463 = -g, 8*k - 3*k + 2*g = 48671. Suppose 5*q - 9009 = -4*f, 0 = -4*q + 4*f + k - 2533. Is q composite?
False
Let g be 98/2 + 2 + -4. Let c = -35 + g. Is -3 + -3 + 16/c*48 prime?
False
Let z be (0 - -20663 - 4) + -1*3. Let c = z + -12653. Is c prime?
False
Suppose -k + 2*q - 20 = -0*k, -4*q + 12 = 0. Let s be k/(-42) - 2452/(-6). Suppose -3*p = 2*v - s, p + 653 - 45 = 3*v. Is v composite?
True
Suppose 3*j - 137389 = -2*d, 228987 = 21*j - 16*j + 4*d. Is j a composite number?
True
Suppose 0 = 23*k - 1124041 + 315269. Suppose -k = -4*m + 4*f, 5*f + 11052 = 2*m - 6530. Is m a prime number?
False
Suppose -8*b + 4469 = -65006 - 42309. Is b a prime number?
False
Let n = 299 + -295. Suppose 0 = -2*h + 9*v - 4*v + 9693, v = n*h - 19359. Is h a prime number?
False
Let g be ((-24)/(-16))/((-6)/(-8)). Suppose -g*f = -5*f. Suppose 3*m + 4*a - 2700 = -m, f = 5*m - 3*a - 3407. Is m a composite number?
True
Suppose 3*w + 2*v = -1015, 519 = -2*w + v - 146. Let c = w + 5026. Is c prime?
True
Let i(g) = 4*g**2 - 2*g + 5. Let l be i(0). Suppose 4*p - 5*h = 66687, l*p - h = -0*h + 83364. Is p prime?
True
Let g = -31889 + 57370. Is g a prime number?
False
Suppose -2*x = -5*g - 27, -g + 0*g = 3*x - 49. Let n(l) = -12 + 2*l + 23 + x. Is n(12) prime?
False
Let k = 21027 + 260824. Is k prime?
False
Let k be (-32)/48 - 112/(-6). Let q(i) = 389*i + 7 - 15 + 12 + k. Is q(5) prime?
False
Let c = 450063 + -239120. Is c composite?
False
Let j = 195 + -160. Suppose 2*s - j - 119 = 0. Is s prime?
False
Let a(q) = -69*q**3 + 125*q**2 - 27*q - 182. Is a(-15) a prime number?
True
Let n be ((-32362)/33)/((20/(-6))/(-5)). Let c = n + 2100. Is c a prime number?
False
Let p be 3 + (2/(-5))/(2/(-10)). Let q be 18/135 - (-146)/30. Suppose -p*f + 620 = q*i, i = 5*f - 3*i - 611. Is f a prime number?
False
Let x(v) = -55*v + 14. Let b be x(2). Let i = 177 + b. Suppose i*l - 78*l = 9609. Is l prime?
True
Let b be ((-18)/4)/((-24)/80). Let y(j) = -3*j + 7